 11683?
164
Calculate the remainder when 206227 is divided by 1398.
721
Calculate the remainder when 35130 is divided by 7020.
30
What is the remainder when 87059 is divided by 28450?
1709
What is the remainder when 175518564 is divided by 653?
0
What is the remainder when 838042 is divided by 279324?
70
What is the remainder when 392190 is divided by 1249?
4
Calculate the remainder when 5658197 is divided by 591.
554
Calculate the remainder when 19264922 is divided by 322.
306
What is the remainder when 71181 is divided by 17788?
29
Calculate the remainder when 1030411 is divided by 3654.
3637
Calculate the remainder when 1065687 is divided by 20.
7
What is the remainder when 16558 is divided by 2740?
118
What is the remainder when 50063396 is divided by 200?
196
Calculate the remainder when 12900593 is divided by 360.
353
What is the remainder when 1854459 is divided by 669?
660
Calculate the remainder when 49307794 is divided by 12326944.
18
What is the remainder when 355477 is divided by 1422?
1399
Calculate the remainder when 24459994 is divided by 24459972.
22
What is the remainder when 2364965 is divided by 81550?
15
What is the remainder when 2062517 is divided by 57?
29
What is the remainder when 1692272 is divided by 11?
10
What is the remainder when 42251 is divided by 21104?
43
What is the remainder when 124869 is divided by 59?
25
Calculate the remainder when 20142 is divided by 1643.
426
Calculate the remainder when 173632668 is divided by 3719.
3715
Calculate the remainder when 43240505 is divided by 1439.
1433
What is the remainder when 409555 is divided by 298?
103
What is the remainder when 88372965 is divided by 22?
21
Calculate the remainder when 129451 is divided by 9246.
7
Calculate the remainder when 41212274 is divided by 1003.
7
What is the remainder when 24665457 is divided by 949?
947
Calculate the remainder when 7794310 is divided by 222.
112
Calculate the remainder when 3591992 is divided by 6868.
28
Calculate the remainder when 13482079 is divided by 372.
55
What is the remainder when 153341 is divided by 30630?
191
Calculate the remainder when 40337919 is divided by 75.
69
Calculate the remainder when 318215869 is divided by 388.
385
What is the remainder when 550542 is divided by 5732?
270
Calculate the remainder when 43981 is divided by 543.
541
What is the remainder when 6286097 is divided by 5?
2
What is the remainder when 207762 is divided by 90?
42
Calculate the remainder when 440770 is divided by 16951.
44
Calculate the remainder when 492690 is divided by 502.
228
What is the remainder when 2072574 is divided by 2279?
963
What is the remainder when 75193 is divided by 75100?
93
Calculate the remainder when 899004 is divided by 661.
44
Calculate the remainder when 1556983 is divided by 1076.
11
What is the remainder when 50988 is divided by 7227?
399
What is the remainder when 2513589 is divided by 55857?
24
Calculate the remainder when 404493 is divided by 1280.
13
What is the remainder when 30495 is divided by 353?
137
What is the remainder when 38982 is divided by 6400?
582
Calculate the remainder when 134059 is divided by 1414.
1143
Calculate the remainder when 1583463 is divided by 310.
293
What is the remainder when 7977930 is divided by 997239?
18
Calculate the remainder when 19733 is divided by 3656.
1453
What is the remainder when 23731 is divided by 1819?
84
Calculate the remainder when 245154 is divided by 48.
18
Calculate the remainder when 12363 is divided by 4025.
288
What is the remainder when 249307 is divided by 624?
331
What is the remainder when 5340487 is divided by 4794?
4765
What is the remainder when 15557 is divided by 4088?
3293
What is the remainder when 13194028 is divided by 5110?
8
What is the remainder when 1379200 is divided by 362?
342
What is the remainder when 1813752 is divided by 1904?
1144
What is the remainder when 2490296 is divided by 2594?
56
Calculate the remainder when 48602036 is divided by 97.
89
What is the remainder when 3848891 is divided by 274906?
207
What is the remainder when 51529479 is divided by 233165?
14
Calculate the remainder when 4458572 is divided by 7.
6
Calculate the remainder when 124927110 is divided by 90135.
0
Calculate the remainder when 77177 is divided by 38386.
405
Calculate the remainder when 19152 is divided by 16542.
2610
Calculate the remainder when 14301439 is divided by 99.
97
Calculate the remainder when 1716731 is divided by 933.
11
What is the remainder when 7475556 is divided by 973?
970
Calculate the remainder when 125680 is divided by 58.
52
What is the remainder when 123495082 is divided by 248982?
10
Calculate the remainder when 4435787 is divided by 764.
3
Calculate the remainder when 2669509 is divided by 4479.
25
What is the remainder when 317752452 is divided by 205?
197
What is the remainder when 107734 is divided by 53816?
102
What is the remainder when 14781441 is divided by 284257?
77
Calculate the remainder when 15512219 is divided by 34.
25
Calculate the remainder when 78276 is divided by 13027.
114
Calculate the remainder when 8456198 is divided by 205.
153
Calculate the remainder when 566168 is divided by 56.
8
Calculate the remainder when 1842460437 is divided by 3458.
3457
What is the remainder when 7181543 is divided by 25?
18
What is the remainder when 31586418 is divided by 4108?
6
Calculate the remainder when 108798 is divided by 54180.
438
Calculate the remainder when 2234689 is divided by 159592.
401
Calculate the remainder when 3190315 is divided by 16.
11
Calculate the remainder when 85042 is divided by 664.
50
What is the remainder when 898929019 is divided by 20?
19
What is the remainder when 13394510 is divided by 13?
12
Calculate the remainder when 1263880 is divided by 2412.
2404
What is the remainder when 39610 is divided by 3599?
21
What is the remainder when 1326023970 is divided by 13?
11
Calculate the remainder when 519961 is divided by 64993.
17
Calculate the remainder when 16958164 is divided by 8479080.
4
What is the remainder when 19936806 is divided by 19936786?
20
Calculate the remainder when 13276152 is divided by 29.
10
Calculate the remainder when 19496226 is divided by 200992.
2
What is the remainder when 399238 is divided by 44059?
2707
Calculate the remainder when 26453 is divided by 1101.
29
What is the remainder when 598638 is divided by 135?
48
Calculate the remainder when 13129 is divided by 1364.
853
Calculate the remainder when 18048 is divided by 9011.
26
What is the remainder when 19107976 is divided by 915?
31
What is the remainder when 13422 is divided by 12771?
651
Calculate the remainder when 23187 is divided by 9572.
4043
Calculate the remainder when 228782683 is divided by 771.
769
What is the remainder when 221000 is divided by 922?
642
What is the remainder when 112446673 is divided by 389?
388
Calculate the remainder when 4501395 is divided by 241.
238
Calculate the remainder when 5624256 is divided by 673.
668
Calculate the remainder when 45038 is divided by 83.
52
Calculate the remainder when 9896287 is divided by 232.
95
What is the remainder when 88149 is divided by 3527?
3501
Calculate the remainder when 12278128 is divided by 3226.
3198
What is the remainder when 53933 is divided by 17865?
338
Calculate the remainder when 89421 is divided by 4697.
178
Calculate the remainder when 262502845 is divided by 16.
13
Calculate the remainder when 13203570 is divided by 26.
16
What is the remainder when 18954322 is divided by 6318054?
160
Calculate the remainder when 415448 is divided by 994.
950
What is the remainder when 174076 is divided by 3552?
28
What is the remainder when 4444733 is divided by 355?
133
What is the remainder when 1417749 is divided by 2216?
1725
What is the remainder when 502691 is divided by 100390?
741
Calculate the remainder when 596362 is divided by 511.
25
What is the remainder when 178156 is divided by 17813?
26
Calculate the remainder when 207769 is divided by 40.
9
What is the remainder when 2292172 is divided by 1012?
1004
What is the remainder when 8237 is divided by 4770?
3467
What is the remainder when 25546939 is divided by 2384?
2379
Calculate the remainder when 3271621 is divided by 327159.
31
Calculate the remainder when 15